at is the remainder when 10 is divided by z?
2
Let a(k) be the first derivative of -k**4/4 - 5*k**3/3 + k**2/2 + 6*k - 2. Calculate the remainder when 2 is divided by a(-5).
0
Suppose 0 = -o - 3 + 26. Calculate the remainder when o is divided by 13.
10
Let v = 6 - -4. Let l(i) = -2*i + 6. Calculate the remainder when l(-11) is divided by v.
8
Suppose -20 = 5*t, 0 = -2*k - t - 0 - 4. Suppose -3*c + 3 = 0, k*c = -m - 2*c + 13. What is the remainder when -2*(3 + (3 - 22)) is divided by m?
10
Let z(d) = -d + 31. What is the remainder when 123 is divided by z(0)?
30
Let a(i) = i**2 - 3*i + 3. What is the remainder when (2 - -3)/(35/14) is divided by a(2)?
0
Let f(s) = -s - 1. Let x be f(-4). Suppose -y - x + 37 = 0. Suppose -3*t + 4*t - 20 = 2*z, -2*t - 3*z = -12. What is the remainder when y is divided by t?
10
Let g = -1 - -1. Suppose 4*n + 2*o - 42 = -g*o, 60 = 5*n + 4*o. Suppose -4*w = n - 28. Calculate the remainder when 8 is divided by w.
3
Suppose -2*c = -12 + 4. Suppose 0*g = c*g - 72. Calculate the remainder when g is divided by 5.
3
Let q = -1 + 2. Suppose 2*d = -b + 11, b - 33 = -2*b + 4*d. Calculate the remainder when 0/q - (-19 - 1) is divided by b.
9
Suppose 11*u - 351 = -2*u. Suppose 0*z = 2*z + b - 23, 0 = 3*z + 2*b - 32. What is the remainder when u is divided by z?
13
Calculate the remainder when 1226/14 + 248/56 + -4 is divided by 23.
19
Let r(f) = -14*f**2 - 14*f - 2. Let m(v) = -5*v**2 - 5*v - 1. Let o(a) = -17*m(a) + 6*r(a). What is the remainder when o(-4) is divided by 9?
8
Suppose -2*q = -3*q + 8. What is the remainder when 30 is divided by q?
6
Let z(s) = s**2 - 5*s - 8. Calculate the remainder when -56*4*1/(-14) is divided by z(7).
4
Suppose -3*y = -4*l - y + 18, 2*l + 3*y - 5 = 0. What is the remainder when 7 is divided by l?
3
Suppose -234 = -5*g - 59. Calculate the remainder when g is divided by 12.
11
Let o be ((-2)/4)/(2/(-56)). Let c = 18 - o. Calculate the remainder when 10 is divided by c.
2
Let i = -5 - -7. Suppose -3*v - 4*l = -i - 7, 5*v - 26 = -3*l. What is the remainder when 12 is divided by v?
5
Let h = 124 + -121. Suppose 3*t - 4*p - 21 = 0, 5*t - p = p + 21. Calculate the remainder when h is divided by t.
0
Suppose -135 = 2*a + 3*a. Let d = 43 + a. Calculate the remainder when 47 is divided by d.
15
Let k(n) = -n**3 + 6*n**2 - 3*n. What is the remainder when 1/(4/(-14) - (-455)/1421) is divided by k(5)?
9
Calculate the remainder when (-1 - 0)/((-1)/23) is divided by 12.
11
Let m be (8/10)/(1/5). Suppose -5*u + 62 - 6 = f, -u = -5*f - 6. Calculate the remainder when (-81)/(-4) + (-1)/m is divided by u.
9
Calculate the remainder when 22 is divided by (-11)/(-33) + 70/6.
10
Suppose -7*c = -123 + 32. Calculate the remainder when 38 is divided by c.
12
Suppose 2*g - 8*b + 4*b = 118, -g - 4*b + 53 = 0. Let z(d) = 2*d**2 + 7*d. Calculate the remainder when g is divided by z(-5).
12
What is the remainder when (-6)/51 + (1 - 1396/(-17)) is divided by 29?
25
Let o be 3/6 - 3/2. What is the remainder when (o - 0) + 48 + 3 is divided by 13?
11
Suppose -117 = -4*z - 5*i, 2*z - i = 2*i + 31. What is the remainder when z is divided by ((-12)/(-7))/((-2)/(-14))?
11
Let z(x) = -x**3 - 6*x**2 - 5*x - 8. What is the remainder when 85 is divided by z(-6)?
19
Let p(y) = -11 - 10*y - 2*y**2 + 5 + 2*y**2 - y**2. What is the remainder when 37 is divided by p(-8)?
7
Let g(k) = 9*k**2 - 2*k - 35. Let x(v) = 3*v**2 - v - 12. Let n(a) = 6*g(a) - 17*x(a). Calculate the remainder when n(-5) is divided by 1 - -13 - -1 - 0.
14
Suppose -a + 6*a = 100. What is the remainder when a is divided by 11?
9
What is the remainder when (-113)/(-5) - 2/(-5) is divided by 9?
5
Suppose 4*l + n - 3*n = 32, -2*l = 2*n - 16. What is the remainder when l is divided by 5?
3
Let d(w) = w**2 + 5*w - 7. What is the remainder when d(-8) is divided by 9?
8
Suppose w + 4*z + 10 = 0, -2*z - 2*z = 2*w. Calculate the remainder when 18 is divided by w.
8
Let r = 2 - -41. What is the remainder when 170 is divided by r?
41
Let b(d) = -4*d. Let s be b(-1). Suppose -5*k = q - 79, 5*q = s*q + 4. Calculate the remainder when 1*-1*(-29 - 0) is divided by k.
14
Let k(g) = -3*g**3 - g**2 - 2*g - 3. Calculate the remainder when k(-2) is divided by (11/2)/(-1 + 15/10).
10
Let a(l) = 2*l**2 - 8*l + 17. Calculate the remainder when 48 is divided by a(5).
21
Suppose 2*b = -b - 24. Suppose -5*g + 5*i + 58 = -27, -5*g - 4*i = -67. Let j = g + b. Calculate the remainder when 13 is divided by j.
6
What is the remainder when 103 is divided by (30/12)/((-1)/(-14))?
33
Suppose -5*y = 3*y - 208. What is the remainder when 50 is divided by y?
24
Suppose -z = 4*z - 25. Suppose -12 = 4*u, 3*d - 3*u = -2*u + 18. Suppose -d*p - 48 = 4*q - 188, z*q = -p + 154. What is the remainder when q is divided by 11?
8
Suppose 6*u = u + 270. Suppose 0 = 2*g + g - u. What is the remainder when 35 is divided by g?
17
Suppose -62 = 5*p - 172. Suppose -p - 10 = -4*h. Calculate the remainder when (1*-1)/(2/(-30)) is divided by h.
7
Suppose 0*m + f = -3*m - 2, 4*f + 8 = 4*m. Let p(x) = -2 + m - 5*x + 0*x - 4. Calculate the remainder when p(-7) is divided by 16.
13
Suppose 0*z = -2*z + 16. Calculate the remainder when (-350)/28*(-40)/25 is divided by z.
4
Let v = 3 + 1. Suppose -s - 67 = -4*s - 2*h, -2*h + 90 = v*s. What is the remainder when s is divided by 12?
11
What is the remainder when 41 is divided by (2*(-4)/6)/(2/(-24))?
9
Suppose -4*r + 45 = -w, 2*w - 4 = -2*r + 16. Calculate the remainder when 51 is divided by r.
7
Suppose -2*s + 80 = -76. Calculate the remainder when s is divided by 20.
18
Let x = 283 + -188. Calculate the remainder when x is divided by 16.
15
Suppose -181 = 13*h - 1182. Calculate the remainder when h is divided by 22.
11
Suppose 3*l - 92 - 52 = 0. Suppose -2*y = -2*n - 6*y + 12, -2*y - 4 = 0. What is the remainder when l is divided by n?
8
Suppose 4*x = 7*x - 15. What is the remainder when 34 is divided by x?
4
Suppose 4*j = 16, 4*j - 2*j = -b + 12. Let y = -1 + b. Calculate the remainder when 4 is divided by y.
1
Suppose 2*b - 69 = -11. Let h = b - 18. Calculate the remainder when 30 is divided by h.
8
Let s(r) = r**2 + 6*r - 2. Calculate the remainder when 66 is divided by s(-8).
10
Let i = -4 - -4. Suppose -5*m + 0*m + 5 = i. Let j(k) = 7*k - 1. What is the remainder when 10 is divided by j(m)?
4
Let q(n) = n**3 + 2*n**2 - 5*n + 4. Suppose 13 = -z - 5*h, 3*z = -z + 3*h + 17. Suppose -z*s = -0*s - 24. What is the remainder when q(3) is divided by s?
10
Suppose -6 = -2*a + 5*a. What is the remainder when 30 + 2 - (-4)/2 is divided by a*1*18/(-3)?
10
Let c = -6 + 8. Suppose 8 = c*v - 10. Calculate the remainder when 25 is divided by v.
7
Let u(o) be the first derivative of o**2/2 - o - 1. Let r be u(-3). Let j = 5 + r. Calculate the remainder when 1 is divided by j.
0
Suppose -5*q + 165 = 5*w, 4 = -4*q + 3*q. Let m = w + -10. What is the remainder when 80 is divided by m?
26
Let l(k) = k**2 - 2*k - 2. Let c(m) = -39*m**3 + 2*m + 1. What is the remainder when c(-1) is divided by l(-3)?
12
Let d = 111 - 60. Let x = d - 27. Suppose 0 = 3*g - 5*g + x. What is the remainder when 22 is divided by g?
10
Let m(p) = -p**2 + p + 6. Let a be m(0). What is the remainder when (-3)/(-6)*a*7 is divided by 8?
5
Suppose 2 + 40 = 2*v. Let k(r) = -3*r + 44. What is the remainder when k(-13) is divided by v?
20
Let w(p) = p + 10 - 2*p + 16 + p**2. Let f(c) = c**2 - 3*c - 1. What is the remainder when w(0) is divided by f(-2)?
8
Let y(o) = o**2 + 2*o. Let r be y(-4). Suppose -3*d = -r*d + 70. What is the remainder when 40 is divided by d?
12
Let v = -40 - -80. Let l(x) = -x**2 - 8*x + 7. What is the remainder when v is divided by l(-7)?
12
Suppose 49*x - 53*x + 68 = 0. Suppose -3*n + 0*n + 99 = 0. What is the remainder when n is divided by x?
16
Suppose s = -s + 8. Suppose -3*k + 2*d + 15 = 2*k, -3 = -k - s*d. Suppose 2*q + k*q = 80. What is the remainder when 30 is divided by q?
14
Suppose -4*x - 2*b = -7*x + 71, -93 = -4*x + 3*b. Calculate the remainder when 49 is divided by x.
22
Let i(n) = -2*n**2 + n**2 - 17*n - 3*n + 4*n + 6. Calculate the remainder when i(-12) is divided by 14.
12
Let p = 6 - -25. Let y = p + 27. Suppose 3*l = 2*v + y, -l - v - v + 6 = 0. Calculate the remainder when 30 is 